t is the millions digit of 150980654?
0
What is the thousands digit of 1130384557?
4
What is the hundred millions digit of 384045151?
3
What is the hundreds digit of 20454969?
9
What is the hundreds digit of 510101474?
4
What is the thousands digit of 267419635?
9
What is the tens digit of 1506705953?
5
What is the units digit of 2848218776?
6
What is the units digit of 643622002?
2
What is the hundreds digit of 3331764531?
5
What is the millions digit of 320428399?
0
What is the hundreds digit of 1038270346?
3
What is the ten millions digit of 61593509?
6
What is the hundred thousands digit of 142287642?
2
What is the hundreds digit of 1147645911?
9
What is the tens digit of 2415680158?
5
What is the tens digit of 70523195?
9
What is the millions digit of 7394077809?
4
What is the tens digit of 2390896628?
2
What is the hundreds digit of 72494555?
5
What is the ten millions digit of 929526166?
2
What is the thousands digit of 136115737?
5
What is the thousands digit of 7694923?
4
What is the units digit of 1361283193?
3
What is the thousands digit of 720894322?
4
What is the thousands digit of 482204129?
4
What is the thousands digit of 96790924?
0
What is the hundred millions digit of 362852458?
3
What is the tens digit of 59871392?
9
What is the units digit of 141242250?
0
What is the ten thousands digit of 4473953083?
5
What is the units digit of 369725894?
4
What is the hundred millions digit of 3915963979?
9
What is the hundred thousands digit of 1181592340?
5
What is the units digit of 35632162?
2
What is the hundred millions digit of 3144858452?
1
What is the units digit of 1881924058?
8
What is the ten millions digit of 19698179?
1
What is the thousands digit of 69833985?
3
What is the millions digit of 13847503?
3
What is the millions digit of 888263255?
8
What is the hundred millions digit of 123252327?
1
What is the hundred thousands digit of 3767921462?
9
What is the ten millions digit of 204995382?
0
What is the hundred millions digit of 910540129?
9
What is the millions digit of 3904638678?
4
What is the tens digit of 35014218?
1
What is the hundred thousands digit of 612435593?
4
What is the units digit of 254769019?
9
What is the thousands digit of 432527479?
7
What is the tens digit of 250794672?
7
What is the ten thousands digit of 40185343?
8
What is the ten thousands digit of 13360537?
6
What is the thousands digit of 45989579?
9
What is the ten thousands digit of 2482222280?
2
What is the tens digit of 5055249821?
2
What is the ten millions digit of 235734409?
3
What is the units digit of 3950610559?
9
What is the hundreds digit of 372017238?
2
What is the units digit of 1113020279?
9
What is the ten thousands digit of 4098265256?
6
What is the ten thousands digit of 41963230?
6
What is the ten thousands digit of 53155077?
5
What is the millions digit of 28711301?
8
What is the millions digit of 81386150?
1
What is the tens digit of 24289631?
3
What is the tens digit of 282218580?
8
What is the ten thousands digit of 7639991745?
9
What is the tens digit of 1459210099?
9
What is the units digit of 63337774?
4
What is the hundreds digit of 27434973?
9
What is the ten millions digit of 50057216?
5
What is the tens digit of 33352156?
5
What is the hundreds digit of 13951011?
0
What is the millions digit of 155255660?
5
What is the ten thousands digit of 155236655?
3
What is the thousands digit of 47148003?
8
What is the ten millions digit of 53398407?
5
What is the thousands digit of 295578133?
8
What is the tens digit of 1072529502?
0
What is the units digit of 43235021?
1
What is the ten millions digit of 59472376?
5
What is the tens digit of 83558580?
8
What is the units digit of 43759170?
0
What is the hundred millions digit of 924336230?
9
What is the ten millions digit of 889799957?
8
What is the ten millions digit of 331666754?
3
What is the tens digit of 181043386?
8
What is the hundreds digit of 38496253?
2
What is the millions digit of 24082652?
4
What is the hundreds digit of 1321026488?
4
What is the thousands digit of 191785501?
5
What is the tens digit of 1485454471?
7
What is the thousands digit of 2302904055?
4
What is the ten thousands digit of 39085681?
8
What is the millions digit of 149787514?
9
What is the ten thousands digit of 3409374473?
7
What is the millions digit of 57904477?
7
What is the thousands digit of 124345534?
5
What is the millions digit of 139633938?
9
What is the hundreds digit of 20519866?
8
What is the millions digit of 26667356?
6
What is the hundreds digit of 18595418?
4
What is the ten millions digit of 1401743401?
0
What is the ten millions digit of 152184403?
5
What is the hundred thousands digit of 408443303?
4
What is the hundred millions digit of 329577952?
3
What is the tens digit of 527223733?
3
What is the hundreds digit of 2684935054?
0
What is the billions digit of 3592070584?
3
What is the tens digit of 2004209624?
2
What is the tens digit of 22326945?
4
What is the hundred millions digit of 3123271336?
1
What is the millions digit of 3433912833?
3
What is the units digit of 236588700?
0
What is the tens digit of 2733710632?
3
What is the hundred millions digit of 179339525?
1
What is the ten thousands digit of 102431688?
3
What is the hundred millions digit of 3038250823?
0
What is the ten thousands digit of 42639175?
3
What is the units digit of 58762137?
7
What is the ten millions digit of 39507456?
3
What is the ten thousands digit of 484065176?
6
What is the ten millions digit of 228238440?
2
What is the units digit of 8185785?
5
What is the hundred millions digit of 3528299187?
5
What is the hundreds digit of 10147751?
7
What is the hundreds digit of 517391719?
7
What is the ten thousands digit of 41507690?
0
What is the hundreds digit of 861854913?
9
What is the thousands digit of 71393261?
3
What is the ten millions digit of 542996016?
4
What is the hundreds digit of 220129539?
5
What is the tens digit of 894997209?
0
What is the millions digit of 78320166?
8
What is the thousands digit of 346875076?
5
What is the hundred millions digit of 1123052950?
1
What is the ten millions digit of 90125436?
9
What is the ten millions digit of 112752944?
1
What is the ten millions digit of 7492879230?
9
What is the ten millions digit of 1027623132?
2
What is the units digit of 454965211?
1
What is the thousands digit of 3200003279?
3
What is the ten millions digit of 4558129185?
5
What is the millions digit of 56467524?
6
What is the hundred thousands digit of 351948658?
9
What is the hundred thousands digit of 2745782064?
7
What is the thousands digit of 18349577?
9
What is the ten millions digit of 222281222?
2
What is the hundreds digit of 106016837?
8
What is the hundred millions digit of 3015769373?
0
What is the tens digit of 490482948?
4
What is the millions digit of 19217712?
9
What is the hundred thousands digit of 803203584?
2
What is the units digit of 111265626?
6
What is the tens digit of 787033760?
6
What is the hundred millions digit of 430183523?
4
What is the hundreds digit of 29630501?
5
What is the hundred thousands digit of 1953633875?
6
What is the ten thousands digit of 1505657732?
5
What is the hundred thousands digit of 348049731?
0
What is the ten millions digit of 74321743?
7
What is the units digit of 231095087?
7
What is the hundreds digit of 45927600?
6
What is the hundreds digit of 1641430646?
6
What is the millions digit of 64217889?
4
What is the millions digit of 80520151?
0
What is the thousands digit of 5219122?
9
What is the tens digit of 5218314?
1
What is the ten thousands digit of 39168673?
6
What is the units digit of 1861731376?
6
What is the ten millions digit of 71824761?
7
What is the millions digit of 125121564?
5
What is the millions digit of 34232460?
4
What is the hundred thousands digit of 1236890697?
8
What is the hundreds digit of 5818504086?
0
What is the ten thousands digit of 4997142?
9
What is the hundreds digit of 1912587410?
4
What is the hundred thousands digit of 20337786?
3
What is the units digit of 4562689?
9
What is the thousands digit of 619421661?
1
What is the thousands digit of 366004642?
4
What is the ten thousands digit of 6215124984?
2
What is the hundred thousands digit of 63374819?
3
What is the hund